ainder when b is divided by s.
10
Let b be 322/70 + 4/10. Let x(d) be the second derivative of d**4/6 - d**3 + d**2/2 - 2*d. Calculate the remainder when x(b) is divided by 8.
5
Calculate the remainder when 105 is divided by ((-108)/(-10))/6*15.
24
Let a = 18 + 4. Suppose 5*r - a = 43. Calculate the remainder when 51 is divided by r.
12
Let k(d) = -d + 9. Let i be k(6). Suppose 4*w + 5 = 13, -4*w = y - 29. What is the remainder when -6*(66/(-9) - i) is divided by y?
20
Let x be 4/(2/(5 + -1)). What is the remainder when 4 - 1 - x/(-1) is divided by 4?
3
Suppose 0*k - w = 2*k + 18, 4*k + 4*w + 44 = 0. Let z(m) = m**2 + 4*m - 12. What is the remainder when 25 is divided by z(k)?
7
Let v(p) = p**3 - 9*p**2 + 10*p + 3. Suppose -3*h - 2*h + 40 = 0. What is the remainder when v(h) is divided by 7?
5
Let r be 6/(-2)*4/(-6). Let n(l) = -l**3 + 7*l**r + 4 - l - 6 + 0*l**3. Calculate the remainder when n(6) is divided by 10.
8
Suppose -15*r = -22*r + 35. Let o(x) = -4*x - 9. What is the remainder when o(-7) is divided by r?
4
Suppose 2*g = -4*z + 84, -3*g - 1 - 6 = -z. What is the remainder when z is divided by 10?
9
Let y be 228 + 5/(15/(-6)). Let g be y/8 + (-1)/4. Let b = -10 + g. Calculate the remainder when b is divided by 10.
8
Let q(n) = 12*n + 1. Calculate the remainder when q(1) is divided by -10*(1/(-2) + 0).
3
Suppose 10 = -2*t, d = 6*d + 3*t - 40. What is the remainder when d is divided by 3?
2
Let q = 22 + -19. Suppose -i + 5*h = -40, 5*i = 5*h - q*h + 85. What is the remainder when i is divided by 6?
3
Let x(i) = 2*i + 1 + 4*i**2 - 2 + 1. Let w be x(-2). Suppose u = -3*v + 66, -5*v + 102 = 3*u - w. What is the remainder when 40 is divided by v?
19
Let n(c) = -10*c**3. Let k(u) = -u**3 + u**2 - u. Let d(i) = -k(i) + n(i). What is the remainder when d(-2) is divided by 17?
15
Let i(n) = n**3 - 3*n**2 + 3*n - 2. What is the remainder when -18*((-6)/(-3) - 3) is divided by i(3)?
4
Let r(u) = 2*u**2 - 2*u + 11. Calculate the remainder when r(3) is divided by 4.
3
Suppose 0 = 5*r - 4*m + 3*m + 36, m + 27 = -4*r. Let d = 18 + r. Calculate the remainder when 21 is divided by d.
10
Let k = 197 + -67. Let f = k - -1. Suppose -5*i = 3*t + 14 - 104, -5*t + f = 2*i. What is the remainder when t is divided by 13?
12
Let h be (-2)/(4/(-21))*-2. Let x = 29 + h. Let f = -30 - -35. Calculate the remainder when x is divided by f.
3
Let k(b) be the first derivative of -b**4/4 - 4*b**3/3 + b**2 - 6*b + 2. Calculate the remainder when k(-6) is divided by 14.
12
Let i(f) = 2*f - 40. Let y be i(19). Suppose 3*s + 2020 = -221. Calculate the remainder when 24 is divided by y/9 - s/81.
6
Let t(b) = -b**3 + 5*b**2 - 5*b + 5. What is the remainder when 13 is divided by t(2)?
6
Suppose -m = -3*g + 2*g + 2, 5*g = 4*m + 12. Suppose m*p - 10 = -0*p. Let z = -8 + 21. Calculate the remainder when z is divided by p.
3
Suppose 7*w = 3*w - 472. What is the remainder when 58 is divided by w/(-8) + 7/28?
13
Let r(m) = 4*m - 2. Suppose 3*p = -2*p + 20. What is the remainder when 39 is divided by r(p)?
11
Let k = 10 - 5. Suppose 3*h = -k*b - 10, 5*h = 2*h + 4*b + 35. What is the remainder when h is divided by 4?
1
Calculate the remainder when (-4)/(-6)*(-882)/(-21) is divided by 20.
8
Suppose 0 = o + 13 - 61. Suppose m - 5*m + 4*r + o = 0, -m = -3*r - 16. Suppose t + 2*n = 6*n, n - 21 = -5*t. Calculate the remainder when m is divided by t.
2
Let p(k) = k**3 + 6*k**2 - 2*k + 3. Suppose 0 = -z - 1 - 4. What is the remainder when p(z) is divided by 20?
18
Let s = 2 + 11. Calculate the remainder when s is divided by (-6)/12 + 11/2.
3
Suppose -32 = -4*f + 184. Let d = f - 20. Suppose -6*r + r + 60 = 0. What is the remainder when d is divided by r?
10
Suppose 5*n - 48 = n. Let f(l) = 2*l**2 + 12*l + 3. Calculate the remainder when f(-8) is divided by n.
11
Let k = 17 - 12. What is the remainder when 14 is divided by k?
4
Let x = 57 + 14. What is the remainder when x is divided by 25?
21
Let j = 3 + 5. Calculate the remainder when j is divided by 3.
2
What is the remainder when ((-272)/17)/(2/(-4)) is divided by 11?
10
Let w(k) = -k**3 + 3*k**2 + 2*k + 2. Let a(h) = -h**2 - 17*h - 9. Calculate the remainder when a(-12) is divided by w(-2).
15
Let l = 5 + -2. Let b be 10 - (-1 + 1)/l. Suppose -b = -t + 14. What is the remainder when t is divided by 13?
11
Suppose -58*p + 36 = -54*p. What is the remainder when 24 is divided by p?
6
Let w be 0*(-3)/(3*-2). Calculate the remainder when 5 is divided by (-1*6)/(-3) - w.
1
Suppose 3*c - 147 = 3*s, 0*c - 5*c + 210 = 2*s. Suppose h = -h + 46. What is the remainder when c is divided by h?
21
Let d(p) be the first derivative of 22*p**3/3 + p - 2. Let b = -2 + 1. Calculate the remainder when d(b) is divided by 8.
7
Let r(i) = -i**2 - 15*i + 22. What is the remainder when 105 is divided by r(-15)?
17
Let a(n) = 4*n - 3. Let v(y) = y - 4. Let o be v(7). Let f = o + -1. Calculate the remainder when 9 is divided by a(f).
4
Suppose 0 = -f + 2*f - 3*w - 10, -f = 3*w - 10. Let m = 7 + -3. Suppose -16 = -m*i - 0. Calculate the remainder when f is divided by i.
2
Let l be (37 - 0)*(0 - 1). Let s = -19 - l. What is the remainder when 34 is divided by s?
16
Let r(h) be the first derivative of h**3/3 + 3*h**2/2 - 2*h + 1. Let o be r(-2). Let a = o + 14. What is the remainder when 28 is divided by a?
8
Suppose 20 = 4*x - 3*x. Calculate the remainder when 35 is divided by x.
15
What is the remainder when 34/((-3 + 2)*-2) is divided by (-1 + 1/(-2))*-6?
8
Let t = 17 - 2. Calculate the remainder when 43 is divided by t.
13
Suppose 2*d = 4*o + 34, -3*d + 10*o = 7*o - 48. Let w(a) = a**3 + a**2 + 7. Let v be w(0). Calculate the remainder when d is divided by 4/14 + 26/v.
3
Suppose 5*x - 30 = -d, 3*x = 5*x - 5*d + 15. Let v = x + 0. What is the remainder when 8 is divided by v?
3
Suppose x - c = 3*c + 28, -4*c = -5*x + 108. Suppose -4*o + o + 21 = 4*q, 5*q + 5*o - x = 0. Calculate the remainder when 16 is divided by q.
7
Let c(h) = -h**2 - 1. Let j(l) = -2*l**2 + 3*l - 5. Let u(q) = c(q) - j(q). Calculate the remainder when 1/(-4) - (-135)/12 is divided by u(3).
3
Let m = 9 - -38. What is the remainder when m is divided by 10?
7
Suppose 4*g = -0*g + 128. What is the remainder when g is divided by 11?
10
Let o = 3 + -1. Suppose -3*t + 22 = 2*q, -o*t = -0*t - 8. Suppose -7*s = -2*s + 2*c - 110, 0 = c - q. Calculate the remainder when s is divided by 11.
9
Suppose -j = -2*j + 5. Suppose j*c = -6 - 9. Calculate the remainder when 7 is divided by ((-2)/c)/((-6)/(-27)).
1
Suppose 0 = -4*w - 4*d + 536, 87 = w - d - 49. Calculate the remainder when w is divided by 46.
43
Let l = 20 + 3. Suppose 41*w = 46*w - 445. Calculate the remainder when w is divided by l.
20
Calculate the remainder when (-15)/1*(-20)/45*12 is divided by 17.
12
Calculate the remainder when 29 is divided by (2/(-3) - 4/(-24))*-22.
7
Let f(a) = -a**2 - 7*a - 6. Let h be f(-5). Let x(n) = -n**3 + 2*n + 0 + 0 + 8*n**2 + 3 + h. What is the remainder when 67 is divided by x(8)?
21
Let k = 17 - -67. What is the remainder when k is divided by 29?
26
Let h = -50 + 82. Suppose -3*o + 7 = -14. Calculate the remainder when h is divided by o.
4
Let k(s) = -5*s**2 + 2*s - 1. Let d be k(3). Let y = -27 + 38. Calculate the remainder when ((-12)/5)/(3/d) is divided by y.
10
Suppose 0 = 2*u - u - 15. Let a be 0 + 8*3 - 2. Suppose 109 = 3*s + a. What is the remainder when s is divided by u?
14
Let z = 0 - -4. Suppose -2 = -4*g + 6. What is the remainder when z is divided by g?
0
Let n(l) = l**3 + 6*l**2 - 5. Calculate the remainder when n(-4) is divided by -4 + 0 + 23 + -4.
12
Calculate the remainder when 16 is divided by 156/10 + 3/(-5).
1
Calculate the remainder when 91 is divided by ((-11)/(-22))/(2/92).
22
Suppose 3*y - 2*f + 6*f = 15, -36 = -3*y + 3*f. What is the remainder when (y/(-2) - -1)*-2 is divided by 86/18 - (-42)/189?
2
Let c = 164 - 103. What is the remainder when c is divided by 32?
29
Suppose -5*r + 346 = -4*a, -2*r = -0*r - a - 139. Calculate the remainder when r is divided by 18.
16
What is the remainder when 18 is divided by ((-3)/4 + 2)*8?
8
Let n be ((-5)/(-2))/5*-2. Let j = 13 - n. Calculate the remainder when j is divided by 4.
2
Suppose 2*p - 25 = -0*p + 5*l, -5*l = -p + 15. Suppose a - 10 = -